3*q + 5*v = 11 + 17. Suppose -q = -3*u - f + 15, 2*u = -2*f + 8. Is (-1621)/(-3) + 4/u a composite number?
False
Suppose 16 = 5*z + 1. Suppose 8 = 4*w - 3*w + 2*r, -5*w - 5*r = -25. Suppose -w*q = -z*q + 251. Is q a prime number?
True
Suppose 15 = 48*j - 45*j. Suppose -5*o + 729 + 2839 = v, 0 = -v + j*o + 3618. Is v a prime number?
True
Suppose -9 = 5*p - t, 5*t - 2 + 9 = -p. Let c be (-614 + (-1 - 1))*p. Let k = -837 + c. Is k a prime number?
False
Suppose -p - 61 = r + 50, 4*p + r + 456 = 0. Let t = -128 - 178. Let u = p - t. Is u a composite number?
False
Suppose -5*r - 10491 = -6*r + 4*s, 3*r - 5*s = 31466. Is r a prime number?
True
Let y = -126 - -866. Suppose -4*c = 176 - y. Suppose 2*v + v - c = 0. Is v a composite number?
False
Let c be 2/(-4) + (-50)/(-4). Suppose 13*t = c*t + 157. Is t a composite number?
False
Suppose 15*c = -86247 + 236352. Is c a prime number?
True
Let r(u) = -2*u**2 - 4*u + 7. Let q be r(-4). Let c = -4 - q. Is ((-134)/8)/(c/(-60)) a prime number?
False
Let u(x) = -22*x - 39. Let v = -46 + 27. Is u(v) composite?
False
Let z = -6271 - -10908. Is z a composite number?
False
Let k = 45 + 142. Is k composite?
True
Suppose 2*f = -14 + 18. Let k(r) = 3*r**2 + f + 1 - 6*r + 6*r**3 + 0 + 2*r**2. Is k(2) a prime number?
True
Suppose 0 = 2*r - 2*g - 2076, 3*r + 3*g - 3109 = g. Is r composite?
True
Suppose -16 = -4*f, 5*v - f - 3*f = 146489. Is v a prime number?
False
Let t be (-879)/(-9)*9*1. Suppose 0 = -7*v + t + 598. Is v composite?
False
Suppose 0 = 4*v - 4*x - 4, -5*v + 7 = 4*x - 7. Suppose 3*s + 0*q = -q + 9, 6 = v*q. Suppose -s*c + 210 = -220. Is c prime?
False
Let r(o) = -2*o**2 + 16*o + 3. Let p be r(11). Suppose 1010 - 150 = 5*m. Let y = p + m. Is y a prime number?
True
Suppose -4*c - 2356 = -4*w, -4*w - c = w - 2927. Is w a prime number?
False
Let k = 6 + 28. Let m be 20/(-30) + k/6. Suppose m*i = 847 + 58. Is i a composite number?
False
Suppose -8*f - 209 - 223 = 0. Is 2015 - 2/3*f/12 a prime number?
False
Suppose -u + 21 = -2*u + 5*a, 4*a = 3*u + 8. Suppose -69 = -u*w + w. Is w a prime number?
True
Suppose 0 = 5*p - p. Suppose -4*q + 10 - 34 = p. Is q/(-21) + 10035/35 a prime number?
False
Let j(o) = 50179*o**3 + 8*o**2 - 3*o + 1. Is j(1) prime?
False
Let u(j) = 11*j**2 - 28*j + 132. Is u(-29) a prime number?
False
Let q be (-2 - (-2)/4)/((-3)/8). Suppose -q*h + 5011 = -5673. Is h composite?
False
Let i(k) = 313*k - 38. Let z be i(7). Suppose 0 = -6*n + z - 815. Is n prime?
True
Let o(g) = 48*g**2 + 16*g + 35. Is o(11) a prime number?
False
Suppose -17 = -2*z - 5. Suppose -2*l + 3*i = -z*l + 11849, -4*i + 11848 = 4*l. Is l a composite number?
False
Let z(y) = 8378*y. Let i be z(-1). Is 4/22 - i/22 prime?
False
Let o(a) = -14 + 90*a + 7*a + 28*a. Is o(3) prime?
False
Suppose r + 91869 = -508*y + 513*y, -18369 = -y - r. Is y a composite number?
True
Let f = -2094 + 5639. Is f prime?
False
Is (3 - 0) + (893 - -15) prime?
True
Suppose -5*a + 5 = 0, -7*a = -4*j - 10*a + 85911. Is j a prime number?
False
Let p = 29 - 49. Is (p - -21) + (1 - -2465) prime?
True
Let m(a) = 2353*a**2. Let q(b) = -3*b + 25. Let c be q(8). Is m(c) prime?
False
Suppose -40*n = -14*n - 1454674. Is n composite?
False
Let s = 2283 + -408. Suppose j - 4*j = s. Let n = 888 + j. Is n a composite number?
False
Suppose 0 = 5*y, -2*g - 3*g = 4*y - 145. Suppose g - 388 = -m. Suppose m + 113 = 4*f. Is f a prime number?
False
Let j = -12 - -10. Is ((-2552)/(-4))/(0 - j) a prime number?
False
Is (532359/54 - (-3)/(-2)) + 2 prime?
True
Let u = -565 - -1404. Is u composite?
False
Let w be (-1)/5 + (-13512)/40. Let m = 170 + w. Let r = m - -383. Is r a prime number?
False
Let p = 2 - 16. Is 8/(-28) + (-102)/p composite?
False
Let h(s) = -26 + 6 + 481*s - 1040*s. Is h(-3) composite?
False
Let b(m) = -m + 6. Let t be b(8). Let h = t - 8. Is (-1269)/(-18)*h/(-3) prime?
False
Let f = 9483 + 12568. Is f a prime number?
True
Let z(s) = 999*s**2 + 21*s - 263. Is z(7) prime?
False
Let u = 240068 + -152301. Is u a prime number?
True
Let g be (-2)/(-6) + 30/18 + -2. Suppose 0 = -g*r + 2*r - 434. Is r composite?
True
Let h(y) = -1273*y - 7. Let p be h(-2). Let j = p - 780. Is j prime?
True
Suppose 2*s = -168 - 28. Let q = s + 221. Is q composite?
True
Let w(i) = i**3 + 11*i**2 - 10*i + 6. Let l be w(-12). Let s be (-50)/l + (-12)/(-54). Suppose 2*z = -r + 244, s*z - 5*r - 62 = 291. Is z a prime number?
False
Suppose g - i + 14 = -6*i, 0 = -2*g + 4*i - 42. Let j = g - -46. Let r = -8 + j. Is r prime?
True
Let j be ((-114)/12)/(3/(-18)). Suppose 3*y - j = 12. Is y a prime number?
True
Let z(i) = -i**3 + 4*i**2 - 5*i + 2. Let q be z(3). Is q - 122*(-4)/8 a prime number?
False
Let f be (8/10)/((-16)/(-40)). Let n(o) = 295*o - 3. Is n(f) composite?
False
Suppose -15796 = -6*q + 7880. Is q a prime number?
False
Let r(j) be the second derivative of 16/3*j**4 + 2/3*j**3 + 3/2*j**2 + 0 - 5*j. Is r(-2) composite?
False
Let o = 185 + -68. Let m(k) = k**3 + 7*k**2 + 6*k - 3. Let i be m(-6). Is 2/(i*(-3)/o) a prime number?
False
Suppose 107 = -3*w - 5*k, 2*w = 4*k - 2*k - 98. Let u = w + 495. Is u prime?
False
Let c = 11657 + -3840. Is c a composite number?
False
Suppose -5*j - 87834 = -4*y, -30*j = -31*j + 2. Is y prime?
True
Let s(y) = -4*y**3 - 5*y**2 + 10*y - 11. Let q be s(-8). Let x = q + -1166. Is x a composite number?
True
Let n(c) = -c + 14. Let p be n(9). Suppose 1423 = p*w - 372. Is w a prime number?
True
Let a = 2063 + 8234. Is a a prime number?
False
Let o(d) = d + 0*d - 1 - 1. Let g be o(8). Is (10 - -76)*g/4 prime?
False
Is (-2)/8*-4 - 428*-446 a composite number?
False
Let f(i) = 12*i**2 + 8*i - 14. Let b be f(-10). Suppose 4*j + b = 6*j. Is j composite?
True
Let f(m) = 2295*m**2 - 2*m - 38. Is f(-5) a prime number?
True
Let r(t) = -t**3 + 2*t - 1. Let k be r(1). Suppose -3*h + 6*y - 8*y + 5599 = k, 0 = -5*h + y + 9336. Is h a composite number?
False
Let p(s) = 183*s + 88. Is p(9) a composite number?
True
Suppose -5*z - 10 = 0, 0 = -3*x + 2*x - 4*z - 2876. Let d = -1786 + -21. Let u = d - x. Is u prime?
True
Let d = -19394 - -49305. Is d a prime number?
False
Suppose 3*p - 5*a = 10, 3*p - 3*a = -p + 17. Suppose x = 0, 1115 + 567 = 2*y - p*x. Is y prime?
False
Let d = -1313 - -3516. Is d composite?
False
Suppose z - 3849 + 94 = 0. Is z composite?
True
Let f(q) = -q - 4. Let v be f(-7). Suppose 0 = -v*p - p + 8. Suppose 5*h = 2*c - 5*c + 69, 0 = -2*c - p*h + 46. Is c prime?
True
Suppose -4*y = -2*b - 972, -3*b = y - b - 233. Suppose -9 = 3*v - 3, -2*v = -3*c + y. Is c composite?
False
Let a(f) = -28*f**3 - 8*f**2 - 10*f - 14. Let u be a(-10). Is 4 - (-18)/(-5) - u/(-10) a composite number?
False
Let i(s) be the second derivative of 29*s**6/360 + s**5/60 - s**4/6 + 7*s**3/6 - 7*s. Let l(a) be the second derivative of i(a). Is l(-3) a prime number?
True
Let l(d) = 3642*d**3 + 2*d**2 - 4*d + 3. Is l(1) a prime number?
True
Let y(h) be the third derivative of -h**6/360 + 59*h**5/40 + h**4/24 + 3*h**2. Let z(s) be the second derivative of y(s). Is z(0) prime?
False
Let c be (-123)/9 - 3/9. Let m = c - -26. Is ((-154)/6)/((-4)/m) composite?
True
Is -3 + -2 - (-6377 - -19) a prime number?
True
Let k(z) = z**3 + 8*z**2 - 3*z - 18. Let x be k(-8). Is (-4)/x + 4/((-12)/(-8285)) a composite number?
True
Let a = -17 - -13. Let m(i) = 28*i**2 + i + 2. Let y be m(a). Suppose 3*c = 4*r + r + 328, -y = -4*c - 2*r. Is c composite?
True
Let n(r) = -4*r + 9. Let d be n(6). Let c = 316 - d. Is c composite?
False
Let x(l) = -77*l**3 + l**2 + 5*l + 3. Is x(-2) composite?
False
Let a = -3228 - -4627. Is a prime?
True
Suppose 23374 = -14*j + 136788. Is j a composite number?
False
Let b = 35 - -156. Is b a prime number?
True
Suppose -7*f = 17*f - 413112. Is f a prime number?
False
Let j = 58 + -55. Suppose -j*c = 2*c - 1055. Is c composite?
False
Suppose -d + 116 = 2*k, -5*d - 91 = -3*k + 109. Suppose 62*c - 12770 = k*c. Is c composite?
True
Let z = 1223 + 930. Is z a composite number?
False
Suppose -77*m = -79*m - 726. Let i = -351 - -145. Let s = i - m. Is s a prime number?
True
Let o = 39578 + -24595. Is o a prime number?
True
Suppose 5*q + 5*t - 8 - 2 = 0, 3*q + t - 10 = 0. Suppose 10 = q*z - 14. Is 2/z - (-7696)/24 composite?
True
Let w be (-1 - 0)*295*23. Let q = 9509 + w. Suppo